{"id":30,"date":"2020-11-03T17:07:22","date_gmt":"2020-11-03T17:07:22","guid":{"rendered":"https:\/\/frank-heinen.de\/?page_id=30"},"modified":"2025-03-16T15:52:14","modified_gmt":"2025-03-16T15:52:14","slug":"musik","status":"publish","type":"page","link":"https:\/\/frank-heinen.de\/index.php\/musik\/","title":{"rendered":"Musik"},"content":{"rendered":"<p>[et_pb_section][et_pb_row][et_pb_column type=&#8220;4_4&#8243;][et_pb_text]Frank Heinen k\u00f6nnte \u00fcber 24 Sunden aus dem Kopf spielen ohne sich ein einziges Mal im Repertoire zu wiederholen.<\/p>\n<p>Hierbei reicht sein Spektrum von der Semi-Klassik \u00fcber Filmmusik, Musicals, Rock, Dance, Schlager und Volksmusik, Oldies und Evergreens bis hin zur aktuellen Popmusik. Aber auch romantische und einf\u00fchlsame vorgetragende Musik zum Tr\u00e4umen sowie eigene Kompositionen l\u00e4sst Frank Heinen auf seinem Showinstrument in allen Facetten erklingen.<\/p>\n<p>Bei der Interpretation der St\u00fccke kommt die Vorliebe von Frank Heinen als Instrumentalist auf der Wersi-Orgel hervorragend zur Geltung.[\/et_pb_text][\/et_pb_column][\/et_pb_row][\/et_pb_section]<\/p>\n","protected":false},"excerpt":{"rendered":"<p><div class=\"et_pb_section et_pb_section_0 et_section_regular\" >\n\t\t\t\t\n\t\t\t\t\n\t\t\t\t\n\t\t\t\t\n\t\t\t\t\n\t\t\t\t\n\t\t\t\t\n\t\t\t\t\n\t\t\t\t\n\t\t\t<\/div><div class=\"et_pb_row et_pb_row_0 et_pb_row_empty\">\n\t\t\t\t\n\t\t\t\t\n\t\t\t\t\n\t\t\t\t\n\t\t\t\t\n\t\t\t<\/div><div class=\"et_pb_module et_pb_text et_pb_text_0  et_pb_text_align_left et_pb_bg_layout_light\">\n\t\t\t\t\n\t\t\t\t\n\t\t\t\t\n\t\t\t\t\n\t\t\t\t\n\t\t\t<\/div>Frank Heinen k\u00f6nnte \u00fcber 24 Sunden aus dem Kopf spielen ohne sich ein einziges Mal im Repertoire zu wiederholen. Hierbei reicht sein Spektrum von der Semi-Klassik \u00fcber Filmmusik, Musicals, Rock, Dance, Schlager und Volksmusik, Oldies und Evergreens bis hin zur aktuellen Popmusik. Aber auch romantische und einf\u00fchlsame vorgetragende Musik zum Tr\u00e4umen sowie eigene Kompositionen l\u00e4sst [&hellip;]<\/p>\n","protected":false},"author":1,"featured_media":0,"parent":0,"menu_order":0,"comment_status":"closed","ping_status":"closed","template":"","meta":{"_et_pb_use_builder":"on","_et_pb_old_content":"Frank Heinen k\u00f6nnte \u00fcber 24 Sunden aus dem Kopf spielen ohne sich ein einziges Mal im Repertoire zu wiederholen.\r\n\r\nHierbei reicht sein Spektrum von der Semi-Klassik \u00fcber Filmmusik, Musicals, Rock, Dance, Schlager und Volksmusik, Oldies und Evergreens bis hin zur aktuellen Popmusik. Aber auch romantische und einf\u00fchlsame vorgetragende Musik zum Tr\u00e4umen sowie eigene Kompositionen l\u00e4sst Frank Heinen auf seinem Showinstrument in allen Facetten erklingen.\r\n\r\nBei der Interpretation der St\u00fccke kommt die Vorliebe von Frank Heinen als Instrumentalist auf der Wersi-Orgel hervorragend zur Geltung.","_et_gb_content_width":"","footnotes":""},"class_list":["post-30","page","type-page","status-publish","hentry"],"_links":{"self":[{"href":"https:\/\/frank-heinen.de\/index.php\/wp-json\/wp\/v2\/pages\/30","targetHints":{"allow":["GET"]}}],"collection":[{"href":"https:\/\/frank-heinen.de\/index.php\/wp-json\/wp\/v2\/pages"}],"about":[{"href":"https:\/\/frank-heinen.de\/index.php\/wp-json\/wp\/v2\/types\/page"}],"author":[{"embeddable":true,"href":"https:\/\/frank-heinen.de\/index.php\/wp-json\/wp\/v2\/users\/1"}],"replies":[{"embeddable":true,"href":"https:\/\/frank-heinen.de\/index.php\/wp-json\/wp\/v2\/comments?post=30"}],"version-history":[{"count":3,"href":"https:\/\/frank-heinen.de\/index.php\/wp-json\/wp\/v2\/pages\/30\/revisions"}],"predecessor-version":[{"id":149,"href":"https:\/\/frank-heinen.de\/index.php\/wp-json\/wp\/v2\/pages\/30\/revisions\/149"}],"wp:attachment":[{"href":"https:\/\/frank-heinen.de\/index.php\/wp-json\/wp\/v2\/media?parent=30"}],"curies":[{"name":"wp","href":"https:\/\/api.w.org\/{rel}","templated":true}]}}